of 6974?
False
Is 41 a factor of 1201?
False
Is 146 a factor of 10366?
True
Is 34459 a multiple of 16?
False
Is 4694 a multiple of 11?
False
Is 2925 a multiple of 39?
True
Is 197 a factor of 19157?
False
Is 2 a factor of 223?
False
Does 5 divide 9496?
False
Is 84 a factor of 1705?
False
Is 17 a multiple of 5?
False
Is 67 a factor of 24053?
True
Does 18 divide 49759?
False
Is 13 a factor of 325?
True
Is 2128 a multiple of 7?
True
Is 8 a factor of 286?
False
Is 80 a factor of 51420?
False
Is 3200 a multiple of 16?
True
Is 13 a factor of 36332?
False
Is 786 a multiple of 23?
False
Does 105 divide 2415?
True
Does 104 divide 10712?
True
Is 58 a factor of 16124?
True
Is 8708 a multiple of 33?
False
Is 12837 a multiple of 124?
False
Does 28 divide 21903?
False
Is 252 a multiple of 14?
True
Is 10700 a multiple of 20?
True
Is 21 a factor of 1946?
False
Is 994 a multiple of 14?
True
Is 138 a factor of 16045?
False
Is 56 a factor of 379?
False
Is 6815 a multiple of 47?
True
Does 195 divide 59865?
True
Is 20145 a multiple of 85?
True
Is 27 a factor of 17775?
False
Is 128 a factor of 4096?
True
Is 774 a multiple of 43?
True
Is 5 a factor of 51965?
True
Does 55 divide 3954?
False
Is 103 a multiple of 18?
False
Does 24 divide 44899?
False
Is 29 a factor of 1278?
False
Is 1320 a multiple of 31?
False
Is 204 a multiple of 3?
True
Is 375 a multiple of 15?
True
Is 17 a factor of 479?
False
Is 32 a factor of 1056?
True
Is 57 a factor of 34257?
True
Is 4463 a multiple of 18?
False
Is 725 a multiple of 25?
True
Is 24161 a multiple of 37?
True
Does 7 divide 1148?
True
Does 14 divide 2002?
True
Is 47520 a multiple of 9?
True
Does 4 divide 239?
False
Is 15 a factor of 20025?
True
Is 3 a factor of 144?
True
Is 172 a factor of 6892?
False
Is 6 a factor of 2274?
True
Is 12295 a multiple of 23?
False
Is 17 a factor of 714?
True
Is 63 a factor of 1197?
True
Does 4 divide 1942?
False
Is 7 a factor of 6620?
False
Is 140 a factor of 2380?
True
Is 714 a multiple of 57?
False
Is 13 a factor of 39?
True
Does 102 divide 5100?
True
Is 1309 a multiple of 11?
True
Is 1961 a multiple of 37?
True
Is 10 a factor of 1080?
True
Is 27398 a multiple of 99?
False
Is 25 a factor of 17413?
False
Is 6384 a multiple of 114?
True
Is 10 a factor of 27930?
True
Does 14 divide 392?
True
Does 2 divide 511?
False
Is 46204 a multiple of 37?
False
Is 5 a factor of 464?
False
Does 55 divide 1870?
True
Does 4 divide 248?
True
Is 9 a factor of 18090?
True
Is 18 a factor of 7074?
True
Is 23 a factor of 26013?
True
Is 9115 a multiple of 144?
False
Does 14 divide 19040?
True
Is 8 a factor of 880?
True
Does 2 divide 14288?
True
Is 10 a factor of 12220?
True
Does 142 divide 110777?
False
Does 60 divide 720?
True
Is 50873 a multiple of 15?
False
Is 15657 a multiple of 51?
True
Is 45980 a multiple of 19?
True
Is 27 a factor of 1026?
True
Is 38 a factor of 1188?
False
Is 9862 a multiple of 42?
False
Does 352 divide 24171?
False
Is 3543 a multiple of 30?
False
Is 11026 a multiple of 149?
True
Does 24 divide 1152?
True
Is 56 a factor of 90608?
True
Is 62 a factor of 2194?
False
Is 6 a factor of 3768?
True
Is 26416 a multiple of 37?
False
Is 5 a factor of 1931?
False
Is 15 a factor of 1677?
False
Is 110603 a multiple of 28?
False
Does 4 divide 1200?
True
Is 11 a factor of 725?
False
Does 97 divide 41685?
False
Is 363 a multiple of 11?
True
Is 17 a factor of 234?
False
Is 22 a factor of 3476?
True
Is 5452 a multiple of 25?
False
Is 15 a factor of 1695?
True
Is 116 a factor of 21808?
True
Is 105 a factor of 23810?
False
Is 48646 a multiple of 65?
False
Does 15 divide 34680?
True
Is 102267 a multiple of 99?
True
Does 484 divide 69212?
True
Does 16 divide 15130?
False
Does 27 divide 313?
False
Is 296 a factor of 158952?
True
Is 5311 a multiple of 47?
True
Does 18 divide 497?
False
Is 76 a factor of 8509?
False
Is 134 a factor of 27313?
False
Is 396 a multiple of 44?
True
Does 28 divide 2296?
True
Does 39 divide 330?
False
Does 17 divide 1551?
False
Is 19536 a multiple of 176?
True
Is 37 a factor of 13298?
False
Is 457 a multiple of 2?
False
Is 12 a factor of 29332?
False
Is 32961 a multiple of 169?
False
Does 25 divide 13450?
True
Is 144 a factor of 9568?
False
Is 1281 a multiple of 7?
True
Is 4 a factor of 4644?
True
Is 41 a factor of 8487?
True
Is 9164 a multiple of 79?
True
Does 15 divide 602?
False
Is 93 a factor of 279?
True
Is 13778 a multiple of 16?
False
Does 14 divide 112?
True
Is 61870 a multiple of 129?
False
Does 11 divide 407?
True
Is 6 a factor of 1183?
False
Is 26 a factor of 7300?
False
Is 33 a factor of 39105?
True
Is 24252 a multiple of 86?
True
Does 420 divide 43730?
False
Does 11 divide 53514?
False
Is 117352 a multiple of 8?
True
Is 4 a factor of 228?
True
Does 66 divide 52536?
True
Is 1407 a multiple of 21?
True
Does 21 divide 4126?
False
Is 2411 a multiple of 13?
False
Is 46824 a multiple of 12?
True
Is 13940 a multiple of 68?
True
Is 101 a multiple of 4?
False
Is 3 a factor of 94?
False
Does 27 divide 459?
True
Is 179 a multiple of 15?
False
Does 72 divide 2005?
False
Is 33927 a multiple of 16?
False
Is 25 a factor of 825?
True
Is 40 a factor of 21120?
True
Does 23 divide 1923?
False
Does 2 divide 167?
False
Is 46 a factor of 77755?
False
Is 595 a multiple of 17?
True
Is 5 a factor of 220?
True
Is 33 a factor of 15081?
True
Is 30 a factor of 570?
True
Is 21 a factor of 579?
False
Is 57728 a multiple of 44?
True
Is 3128 a multiple of 92?
True
Is 11017 a multiple of 9?
False
Is 896 a multiple of 39?
False
Is 28 a factor of 7532?
True
Is 187 a factor of 6944?
False
Does 43 divide 194?
False
Does 99 divide 8019?
True
Is 1774 a multiple of 128?
False
Does 21 divide 38007?
False
Does 14 divide 910?
True
Is 54 a factor of 15367?
False
Is 4 a factor of 26?
False
Is 6020 a multiple of 87?
False
Does 10 divide 3680?
True
Is 4761 a multiple of 69?
True
Is 13 a factor of 10356?
False
Is 4 a factor of 168?
True
Is 15 a factor of 3583?
False
Does 15 divide 330?
True
Does 11 divide 86086?
True
Is 25927 a multiple of 41?
False
Is 19 a factor of 13851?
True
Does 6 divide 151?
False
Is 56 a multiple of 12?
False
Does 9 divide 10343?
False
Is 483 a multiple of 10?
False
Is 32 a factor of 3000?
False
Does 9 divide 3401?
False
Is 14244 a multiple of 3?
True
Does 18 divide 17810?
False
Does 3 divide 1372?
False
Does 29 divide 4872?
True
Does 12 divide 2413?
False
Is 2262 a multiple of 87?
True
Is 621 a multiple of 6?
False
Does 144 divide 576?
True
Does 84 divide 545?
False
Is 41 a factor of 4797?
True
Is 730 a multiple of 11?
False
Does 89 divide 5240?
False
Is 553 a multiple of 17?
False
Is 578 a multiple of 2?
True
Is 29 a factor of 22368?
False
Is 9 a factor of 288?
True
Does 17 divide 31093?
True
Is 18 a factor of 3307?
False
Does 17 divide 2363?
True
Is 14 a multiple of 14?
True
Is 1107 a multiple of 9?
True
Is 452 a multiple of 17?
False
Is 10 a factor of 7931?
False
Is 12264 a multiple of 12?
True
Is 462 a multiple of 31?
False
Is 58416 a multiple of 24?
True
Does 25 divide 27?
False
Is 11 a factor of 398?
False
Is 70 a multiple of 14?
True
Does 33 divide 12111?
True
Is 876 a multiple of 35?
False
Is 31 a factor of 6792?
False
Is 148 a factor of 19170?
False
Is 24 a factor of 4752?
True
Is 11446 a multiple of 23?
False
Is 4752 a multiple of 8?
True
Is 25 a factor of 2448?
False
Is 22 a factor of 39?
False
Is 12 a factor of 1212?
True
Is 12 a factor of 7128?
True
Is 133 a factor of 18886?
True
Does 29 divide 1711?
True
Is 306 a multiple of 18?
True
Does 10 divide 13918?
False
Does 24 divide 7324?
False
Does 12 divide 68292?
True
Is 84 a factor of 672?
True
Is 5 a factor of 13265?
True
Is 10747 a multiple of 61?
False
Is 117091 a multiple of 81?
False
Is 49 a multiple of 18?
False
Is 752 a multiple of 16?
True
Is 175 a multiple of 35?
True
Is 33 a factor of 40034?
False
Is 66 a factor of 1440?
False
Is 3458 a multiple of 21?
False
Does 42 divide 4074?
True
Is 396 a multiple of 30?
False
Does 54 divide 918?
True
Is 186 a multiple of 3?
True
Does 10 divide 20096?
False
Is 926 a multiple of 13?
False
Is 57 a factor of 4332?
True
Does 7 divide 847?
True
Is 337 a multiple of 16?
False
Is 11 a factor of 992?
False
Is 42 a factor of 6946?
False
Does 43 divide 2281?
False
Does 33 divide 13158?
False
Is 17 a factor 